{"id":44,"date":"2019-11-28T14:37:21","date_gmt":"2019-11-28T14:37:21","guid":{"rendered":"http:\/\/72degrees.ch\/?page_id=44"},"modified":"2019-12-11T07:42:56","modified_gmt":"2019-12-11T07:42:56","slug":"biography","status":"publish","type":"page","link":"https:\/\/72degrees.ch\/?page_id=44","title":{"rendered":"Biography"},"content":{"rendered":"\n<p><i>English bello<\/i>w\u2026<\/p>\n\n\n\n<p>Les performances de DJ 72 Degrees, sans cesse constructives, d\u00e9fiant toujours l\u2019auditeur avec des subtilit\u00e9s avec des groove et m\u00e9lodie hypnotique. Cela ne se limite pas \u00e0 une simple machine \u00e0 musique \u00e9lectronique bien huil\u00e9e. DJ 72 Degrees produit aussi de la musique \u00e9lectronique. Avec une double casquette 72 Degrees se produit aussi en Chillout avec ces sets sous le pseudo DJ Sleepy.<\/p>\n\n\n\n<figure class=\"wp-block-image size-large\"><img decoding=\"async\" loading=\"lazy\" width=\"849\" height=\"1024\" src=\"http:\/\/72degrees.ch\/wp-content\/uploads\/2019\/11\/photo-vite-fait-yeux-chatpuisat-849x1024.jpg\" alt=\"\" class=\"wp-image-45\" srcset=\"https:\/\/72degrees.ch\/wp-content\/uploads\/2019\/11\/photo-vite-fait-yeux-chatpuisat-849x1024.jpg 849w, https:\/\/72degrees.ch\/wp-content\/uploads\/2019\/11\/photo-vite-fait-yeux-chatpuisat-scaled-600x723.jpg 600w, https:\/\/72degrees.ch\/wp-content\/uploads\/2019\/11\/photo-vite-fait-yeux-chatpuisat-249x300.jpg 249w, https:\/\/72degrees.ch\/wp-content\/uploads\/2019\/11\/photo-vite-fait-yeux-chatpuisat-768x926.jpg 768w, https:\/\/72degrees.ch\/wp-content\/uploads\/2019\/11\/photo-vite-fait-yeux-chatpuisat-1274x1536.jpg 1274w, https:\/\/72degrees.ch\/wp-content\/uploads\/2019\/11\/photo-vite-fait-yeux-chatpuisat-1699x2048.jpg 1699w\" sizes=\"(max-width: 849px) 100vw, 849px\" \/><figcaption>credit &#8220;Patrick Chapuisat&#8221;<\/figcaption><\/figure>\n\n\n\n<p>Apr\u00e8s presque vingt ans de d\u00e9veloppement avec DJ Sleepy, Thierry se lance dans la music Deep Techno. Lanc\u00e9 en \u00e9t\u00e9 2019 il rejoint le collectif \u00ab Les fines herbes \u00bb, petit collectif fraichement n\u00e9 et bas\u00e9 en suisse romande. <\/p>\n\n\n\n<p>S&#8217;appuyant sur ces propres exp\u00e9riences il sait que c&#8217;est le rapprochement des diff\u00e9rences qui engendre la cr\u00e9ativit\u00e9. C\u2019est pourquoi, \u00e0 l\u2019avenir, il va construire son nouveau monde \u00e0 travers DJ 72 Degrees, en affichant sans cesse \u00e7a volont\u00e9 de parfaire ces sets au travers ces DJ set cr\u00e9atif en jouant ces artistes pr\u00e9f\u00e9r\u00e9s connus et moins connus. Il est peut-\u00eatre pr\u00e9sent dans le milieu de la musique \u00e9lectronique depuis 20 ans mais la v\u00e9ritable mission de 72 degrees ne fait que commencer.<\/p>\n\n\n\n<h2>BIOGRAPHY &#8211; ENGLISH<\/h2>\n\n\n\n<p>The performances of DJ 72 Degrees, always\nconstructive, always defying the listener with subtleties, grooves and hypnotic\nmelody. This is not limited to a simple well-oiled electronic music machine. DJ\n72 Degrees also produces electronic music. With a double cap 72 Degrees also\noccurs in Chillout with these sets under the pseudo DJ Sleepy.<br>\n<br>\nAfter almost twenty years of development with DJ\nSleepy, Thierry launches into the Deep Techno music. Launched in summer 2019 he\njoined the collective &#8220;Les Fines herbes&#8221;, a small group freshly born\nand based in French-speaking Switzerland.<br>\n<br>\nBased on his own experiences, he knows that it is the\ncoming together of differences that engenders creativity. That is why, in the\nfuture, he will build his new world through DJ 72 Degrees, constantly showing\nthat he wants to perfect through these DJ creative set playing these favourite\nartists known and less known. He may have been in the electronic music business\nfor 20 years, but the real 72 Degrees mission is just beginning.<\/p>\n","protected":false},"excerpt":{"rendered":"<p>English bellow\u2026 Les performances de DJ 72 Degrees, sans cesse constructives, d\u00e9fiant toujours l\u2019auditeur avec des subtilit\u00e9s avec des groove et m\u00e9lodie hypnotique. Cela ne se limite pas \u00e0 une simple machine \u00e0 musique \u00e9lectronique&hellip; <\/p>\n<p><a class=\"more-link\" href=\"https:\/\/72degrees.ch\/?page_id=44\">Continue Reading Biography<\/a><\/p>\n","protected":false},"author":1,"featured_media":0,"parent":0,"menu_order":0,"comment_status":"closed","ping_status":"closed","template":"","meta":[],"_links":{"self":[{"href":"https:\/\/72degrees.ch\/index.php?rest_route=\/wp\/v2\/pages\/44"}],"collection":[{"href":"https:\/\/72degrees.ch\/index.php?rest_route=\/wp\/v2\/pages"}],"about":[{"href":"https:\/\/72degrees.ch\/index.php?rest_route=\/wp\/v2\/types\/page"}],"author":[{"embeddable":true,"href":"https:\/\/72degrees.ch\/index.php?rest_route=\/wp\/v2\/users\/1"}],"replies":[{"embeddable":true,"href":"https:\/\/72degrees.ch\/index.php?rest_route=%2Fwp%2Fv2%2Fcomments&post=44"}],"version-history":[{"count":2,"href":"https:\/\/72degrees.ch\/index.php?rest_route=\/wp\/v2\/pages\/44\/revisions"}],"predecessor-version":[{"id":52,"href":"https:\/\/72degrees.ch\/index.php?rest_route=\/wp\/v2\/pages\/44\/revisions\/52"}],"wp:attachment":[{"href":"https:\/\/72degrees.ch\/index.php?rest_route=%2Fwp%2Fv2%2Fmedia&parent=44"}],"curies":[{"name":"wp","href":"https:\/\/api.w.org\/{rel}","templated":true}]}}